{"id":140,"date":"2025-09-07T02:33:23","date_gmt":"2025-09-07T02:33:23","guid":{"rendered":"https:\/\/hccsl.adv.br\/operacaolavajato\/?page_id=140"},"modified":"2025-09-07T03:18:11","modified_gmt":"2025-09-07T03:18:11","slug":"fase-24","status":"publish","type":"page","link":"https:\/\/hccsl.adv.br\/operacaolavajato\/fases-da-operacao\/fase-24\/","title":{"rendered":"Fase 24"},"content":{"rendered":"<p><strong class=\"group-[.isActiveSource]:text-xl group-[.isActiveSource]:font-bold\">24\u00aa fase: 04\/03\/2016 &#8211; Condu\u00e7\u00e3o coercitiva de Lula\u00a0<\/strong><br \/>\nCom o nome de Aletheia (refer\u00eancia \u00e0 express\u00e3o grega que significa \u201cbusca da verdade\u201d), a 24\u00aa fase da Lava Jato resultou em 44 mandados de busca e apreens\u00e3o e 11 de condu\u00e7\u00e3o coercitiva \u2014 um deles levando o ex-presidente Luiz In\u00e1cio Lula da Silva a depor. Ao autorizar a opera\u00e7\u00e3o, Moro afirmou que Lula \u201cmerece todo o respeito, em virtude do cargo que ocupou, mas n\u00e3o est\u00e1 imune \u00e0 investiga\u00e7\u00e3o\u201d. O ex-presidente prestou depoimento por cerca de quatro horas em sala do aeroporto de Congonhas, na zona sul de S\u00e3o Paulo. Diante de um delegado, respondeu a quest\u00f5es sobre as fontes de renda de seu instituto e sua liga\u00e7\u00e3o com o tr\u00edplex no Guaruj\u00e1. Naquele dia \u2014 no qual alguns de seus aliados e familiares tamb\u00e9m foram alvos de a\u00e7\u00f5es da PF \u2014, o petista convocou uma entrevista coletiva e criticou o tratamento recebido. \u201cMoro n\u00e3o precisaria ter mandado uma coer\u00e7\u00e3o da Pol\u00edcia Federal na minha casa de manh\u00e3, na casa dos meus filhos. Era s\u00f3 ter me convidado\u201d, afirmou.<\/p>\n","protected":false},"excerpt":{"rendered":"<p>24\u00aa fase: 04\/03\/2016 &#8211; Condu\u00e7\u00e3o coercitiva de Lula\u00a0 Com o nome de Aletheia (refer\u00eancia \u00e0 express\u00e3o grega que significa \u201cbusca [&hellip;]<\/p>\n","protected":false},"author":1,"featured_media":0,"parent":34,"menu_order":0,"comment_status":"closed","ping_status":"closed","template":"","meta":{"site-sidebar-layout":"default","site-content-layout":"","ast-site-content-layout":"default","site-content-style":"default","site-sidebar-style":"default","ast-global-header-display":"","ast-banner-title-visibility":"","ast-main-header-display":"","ast-hfb-above-header-display":"","ast-hfb-below-header-display":"","ast-hfb-mobile-header-display":"","site-post-title":"","ast-breadcrumbs-content":"","ast-featured-img":"","footer-sml-layout":"","ast-disable-related-posts":"","theme-transparent-header-meta":"default","adv-header-id-meta":"","stick-header-meta":"","header-above-stick-meta":"","header-main-stick-meta":"","header-below-stick-meta":"","astra-migrate-meta-layouts":"set","ast-page-background-enabled":"default","ast-page-background-meta":{"desktop":{"background-color":"var(--ast-global-color-5)","background-image":"","background-repeat":"repeat","background-position":"center center","background-size":"auto","background-attachment":"scroll","background-type":"","background-media":"","overlay-type":"","overlay-color":"","overlay-opacity":"","overlay-gradient":""},"tablet":{"background-color":"","background-image":"","background-repeat":"repeat","background-position":"center center","background-size":"auto","background-attachment":"scroll","background-type":"","background-media":"","overlay-type":"","overlay-color":"","overlay-opacity":"","overlay-gradient":""},"mobile":{"background-color":"","background-image":"","background-repeat":"repeat","background-position":"center center","background-size":"auto","background-attachment":"scroll","background-type":"","background-media":"","overlay-type":"","overlay-color":"","overlay-opacity":"","overlay-gradient":""}},"ast-content-background-meta":{"desktop":{"background-color":"var(--ast-global-color-4)","background-image":"","background-repeat":"repeat","background-position":"center center","background-size":"auto","background-attachment":"scroll","background-type":"","background-media":"","overlay-type":"","overlay-color":"","overlay-opacity":"","overlay-gradient":""},"tablet":{"background-color":"var(--ast-global-color-4)","background-image":"","background-repeat":"repeat","background-position":"center center","background-size":"auto","background-attachment":"scroll","background-type":"","background-media":"","overlay-type":"","overlay-color":"","overlay-opacity":"","overlay-gradient":""},"mobile":{"background-color":"var(--ast-global-color-4)","background-image":"","background-repeat":"repeat","background-position":"center center","background-size":"auto","background-attachment":"scroll","background-type":"","background-media":"","overlay-type":"","overlay-color":"","overlay-opacity":"","overlay-gradient":""}},"footnotes":""},"class_list":["post-140","page","type-page","status-publish","hentry"],"_links":{"self":[{"href":"https:\/\/hccsl.adv.br\/operacaolavajato\/wp-json\/wp\/v2\/pages\/140","targetHints":{"allow":["GET"]}}],"collection":[{"href":"https:\/\/hccsl.adv.br\/operacaolavajato\/wp-json\/wp\/v2\/pages"}],"about":[{"href":"https:\/\/hccsl.adv.br\/operacaolavajato\/wp-json\/wp\/v2\/types\/page"}],"author":[{"embeddable":true,"href":"https:\/\/hccsl.adv.br\/operacaolavajato\/wp-json\/wp\/v2\/users\/1"}],"replies":[{"embeddable":true,"href":"https:\/\/hccsl.adv.br\/operacaolavajato\/wp-json\/wp\/v2\/comments?post=140"}],"version-history":[{"count":2,"href":"https:\/\/hccsl.adv.br\/operacaolavajato\/wp-json\/wp\/v2\/pages\/140\/revisions"}],"predecessor-version":[{"id":142,"href":"https:\/\/hccsl.adv.br\/operacaolavajato\/wp-json\/wp\/v2\/pages\/140\/revisions\/142"}],"up":[{"embeddable":true,"href":"https:\/\/hccsl.adv.br\/operacaolavajato\/wp-json\/wp\/v2\/pages\/34"}],"wp:attachment":[{"href":"https:\/\/hccsl.adv.br\/operacaolavajato\/wp-json\/wp\/v2\/media?parent=140"}],"curies":[{"name":"wp","href":"https:\/\/api.w.org\/{rel}","templated":true}]}}